x - 4*d + 6436, -12*x = -7*x + d - 8029. What is the thousands digit of x?
1
Let z(l) = l**2 - 7*l + 8. Let t be z(6). Suppose -t*f + 6 = -0. What is the tens digit of (-1 + (-43)/(-3))*f?
4
Let p(n) = -n**3 + 8*n**2 + 10*n - 7. Let l be p(9). Suppose -2*x = -2*g + 3 + 13, 3*g = l*x + 25. Suppose 5*d = -g + 39. What is the units digit of d?
6
Suppose -h = -6*o + o - 101, -5*h - o + 635 = 0. Suppose 0 = -4*i, 2*r + 3*i - h = 5*i. What is the tens digit of r?
6
Suppose 3997 - 997 = 20*f. What is the tens digit of f?
5
Suppose y = -7*n + 2*n + 3010, n - 26958 = -9*y. What is the hundreds digit of y?
9
Let l(v) = -7*v**3 - 4*v**2 - 2*v + 7. Let b be l(-3). Suppose -3*y + r = -4*r - b, -163 = -4*y - 5*r. What is the tens digit of y?
4
Suppose 4*z = -0*v + 3*v + 40, -2*z + 2*v + 20 = 0. Suppose 3*c = z + 2. Suppose -3*f + c*f = -5*g + 1, -3*f - 3*g + 51 = 0. What is the units digit of f?
1
Let t = 2714 + -647. What is the thousands digit of t?
2
Suppose -3*k + 26 = 2*h + 3, 5*k = h + 21. Suppose -k*g + 26 - 1 = 0. Suppose -5*y = -o + 6, 0*y + 72 = g*o - 4*y. What is the units digit of o?
6
Let r(b) = -2*b + 66. What is the units digit of r(7)?
2
Let b(o) = 12 - 11 + 9 + 2*o. What is the units digit of b(16)?
2
Let w(d) = d**3 - 5*d**2 + 5*d + 3. Let a be w(5). Suppose -5*r + 197 = -a. Suppose 0 = -3*s, -2*j - 3*j + s = -r. What is the units digit of j?
9
Let d be 14/21 - ((-980)/6 + -2). Suppose -4*o - z = -59, 46 + 54 = 5*o - 4*z. Suppose -o = 2*n - d. What is the units digit of n?
5
Let q be 26/((-5 - -2)/3). Let b = q - -30. What is the units digit of b?
4
Suppose -j + 4*b + 11 = 0, -j - 3*b - 1 = 2. Suppose j*c - 41 = 1. What is the tens digit of 1084/c + 12/(-28)?
7
Let q(c) = c**3 + 6*c**2 + c + 7. Let n be q(-6). Let j be 8 + 1/n + 2. Suppose -j*o + 100 = -7*o. What is the units digit of o?
5
Suppose -3*r + 2864 = r - 3*n, 5*r - 5*n = 3580. Suppose -d = 2*d - 18. What is the tens digit of r/28 - d/(-14)?
2
Suppose -14 - 22 = -p + 5*h, -2*h = 5*p - 99. Let g = 12 - p. Let r = g - -39. What is the tens digit of r?
3
Suppose -3*l + 13 = 5*g, l = -g + 2*l + 9. Let v(b) = 2*b - 7. Let j be v(6). Let d = j + g. What is the units digit of d?
0
Suppose 3*z + 4*f = -z, 0 = -z - 5*f - 4. Let w be (z/3)/(2/24). Suppose w*n = 6 + 94. What is the tens digit of n?
2
Let n = -2698 + 4637. What is the units digit of n?
9
What is the tens digit of (-2899)/(-2) - 9/18?
4
Let s be 11/3 + (-4)/6. Suppose -2*n = 3*h - 87, -5*h + s*n + 158 = 2*n. What is the units digit of h?
1
Suppose a - 18 = -13. Suppose -13 = -r + 70. Suppose 0 = a*m - 32 - r. What is the units digit of m?
3
Suppose 15*d - 18*d = -2*w + 1041, 0 = -2*w + 5*d + 1039. What is the tens digit of w?
2
What is the tens digit of (-1611)/(-18)*(-84)/(-6)?
5
Suppose 1008 = -17*m + 38*m. What is the tens digit of m?
4
Let x be (-10)/30 + 283/3. Let m = -59 + x. Let b = 59 - m. What is the units digit of b?
4
Let r(u) be the third derivative of -5*u**4/6 - 31*u**3/2 - 2*u**2. Let x(g) = -7*g - 31. Let n(a) = -6*r(a) + 17*x(a). What is the units digit of n(-13)?
8
Suppose 0 = -4*m - 9 - 287. Let w = -67 - m. What is the units digit of w?
7
Let f(y) = y**3 + 27*y**2 - 22*y - 27. What is the units digit of f(-27)?
7
Let t(p) = 25*p**2 - 9*p + 26. What is the hundreds digit of t(4)?
3
Suppose -5*a + 2*s = -4953, -4*s - 3433 = -5*a + 1528. What is the units digit of a?
9
Let k = -114 + 115. Suppose 0 = -2*x + 2*m + 384, 3*m = x + k - 201. What is the tens digit of x?
8
Let o = 618 + -312. What is the units digit of o?
6
Suppose 5*w + 5*g - 5 = 4*w, -3 = 5*w - 3*g. What is the hundreds digit of 1/(w + 3/597)?
1
Let s be (2 + 3/(-2))*0 + 0. Let d be (0/1)/(-1 + -1). Suppose 5*f + c - 244 = s, d*c = -c - 1. What is the tens digit of f?
4
Suppose 4*w + 19831 = 5*d, 3*w + 2748 + 17084 = 5*d. What is the tens digit of d?
6
Let m(g) = -14*g + 458. What is the units digit of m(0)?
8
Suppose -1661 = -5*h + 3*r, -387 = -h - 5*r - 66. What is the units digit of h?
1
Suppose 3*q - 7*q = -16. Let y(w) = w**2 - 5*w. Let o be y(q). Let s = o - -5. What is the units digit of s?
1
Suppose -2*g - 7*i + 3*i = -7152, 0 = 4*g - 4*i - 14352. What is the thousands digit of g?
3
Let s = 7 - 6. What is the units digit of (12/(-18))/(s/(-39))?
6
Suppose 3*s = 3*k - 3 - 12, 5*k = s + 21. Let h = s - 9. What is the units digit of (72/40)/((-2)/h)?
9
What is the units digit of 129/(-45)*-9*5?
9
Let m = 91 + -92. What is the units digit of 9/(36/1004) + m*1?
0
Let p be (2 - (-12)/(-8))*16. Let v be (2 - p/12)*9. What is the units digit of 0*4/v + 1?
1
Let y be 616/52 - (-6)/39. Let u = 0 - y. Let j = u - -21. What is the units digit of j?
9
Let c be (-54)/13 + (-14)/(-91). Let n(f) = -f**2 - f + 2. Let l be n(c). Let o(r) = -r**3 - 9*r**2 + 9*r + 2. What is the tens digit of o(l)?
1
Let f(v) = -22*v - 20. Let h be (-3)/(-5) - (-46)/(-10). What is the units digit of f(h)?
8
Let r(u) = u**3 + 13*u**2 - 6*u. Let m be r(-7). Suppose 4*n - m = 24. Suppose -3*s - 18 = -n. What is the units digit of s?
4
Let l be 5528/(-88) - 2/11. Let i = -38 - l. What is the units digit of i?
5
Let m = -29 + 35. Suppose -m*p = -2*p + 4*u + 4, -4*u = 3*p + 5. What is the units digit of p?
1
Suppose l - 610 = -w, 3276 = 5*l + 3*w + 230. What is the units digit of l?
8
Suppose 0*m = -4*m + 8. Let b be (-48)/(-21) + m/(-7). Suppose 3*p + 3*c - 2*c - 107 = 0, b*c + 160 = 5*p. What is the tens digit of p?
3
Suppose 358*v - 19572 = 354*v. What is the tens digit of v?
9
Let k = -4538 - -6730. What is the units digit of k?
2
Suppose 2*m + 6*v = v - 15, 15 = 2*m - 5*v. Suppose -5*f - 5*o + 120 = m, 3*f = f + 5*o + 62. Let z = f + -15. What is the units digit of z?
1
Suppose -5*h + 20 = -2*k - 1, -2*k - 6 = -2*h. Suppose 0*s - 186 = -5*s + i, h*s - 183 = -2*i. What is the tens digit of s?
3
Let p = 3 + -12. Suppose 654 = 6*x + 252. Let b = x + p. What is the tens digit of b?
5
Let l(m) = m**3 - m**2 + m. Let v(t) = 3*t**3 + 8*t**2 + 11*t - 2. Let n(b) = -2*l(b) + v(b). Let x be n(-9). What is the tens digit of x/7 - (-228)/14?
1
What is the hundreds digit of (2/(-4))/(11/(-14036))?
6
Let w = 588 - 276. What is the units digit of w?
2
Suppose -12*f + 10*f + 182 = 0. Suppose 3*z + f = 442. What is the hundreds digit of z?
1
Let l(m) = m + 1. Let i be l(-1). Let x be i*(-5)/(-25) + 4. Suppose 20 = 5*o, x*o - 74 = 4*t - 222. What is the tens digit of t?
4
Let x be (16/6)/(4/6). Suppose 3*b + 11 = -x. What is the tens digit of 2/5 + (-118)/b?
2
Let a = 4052 + -2350. What is the units digit of a?
2
Let w(t) = -t**2 + 23*t - 40. Let q be w(15). What is the hundreds digit of 195/(-52)*q/(-3)?
1
Let r(m) = 17*m**2 - 12*m + 8. What is the tens digit of r(9)?
7
Let a(b) = 5*b**3 - 6*b**2 - b - 5. Let y(r) = 4*r**3 - 5*r**2 - r - 4. Let z(o) = 3*a(o) - 4*y(o). Let q be z(2). What is the tens digit of (-4)/q*-24 + 4?
3
Let c be (24/10)/(3/15). Let v(z) = -z**2 + 16*z - 6. Let q be v(c). Suppose 0 = w - q. What is the tens digit of w?
4
Suppose 4*f - 121 + 33 = 4*d, -5*f + 38 = -d. Let s = d + 22. Suppose 0 = -h + 2*i + 48, -s*h + i - 3*i = -182. What is the tens digit of h?
4
Let p(b) = -b**3 + 13*b + 7. What is the hundreds digit of p(-6)?
1
Suppose 2*w + 5*j + 103 = 0, 0 = 2*w - 4*j + j + 63. What is the units digit of (-46)/(13/w + (-5)/3)?
3
Let d be 24/32 - (-6)/(-8). Suppose -8*k = -11*k + 9. What is the units digit of (d - -3)*(-2 + k)?
3
Let p = 7922 + -3920. What is the tens digit of p?
0
Suppose 4*z - 3*h - 1313 = 822, -5*h = 25. What is the hundreds digit of z?
5
Let h = 64 - 62. What is the tens digit of -2*h/20 + 1812/10?
8
Suppose -w + 5 = -1. Suppose 0 = f + u + 2 + 4, -2*u = -4*f + w. What is the tens digit of f - -4 - (8 + -22)?
1
Let l(x) = x - 1. Let j be l(5). Suppose -45*i = -24*i. Suppose 3*g + i*g = -2*r, 4*g - 8 = -j*r. What is the units digit of r?
6
Let j(u) = 150*u. Let p be j(1). Suppose -4*r = -p - 146. What is the units digit of r?
4
Let f(r) = 8*r + 7*r + 2*r**2 + 1 - 6*r. What is the units digit of f(5)?
6
Let y(f) = f**3 + 4*f**2 - 7*f - 1. Let t = -13 + 13. Suppose -q - q - a - 9 = t, 0 = -q - 5*a. What is the units digit of y(q)?
9
Suppose 0 = -5*g - 5*q + 1145, 3*g - 3*q + 912 = 7*g. What is the hundreds digit of g?
2
Let s = 13718 - 9060. What